vide 322498438?
False
Does 893 divide 12232651?
False
Is 49295911 a multiple of 2149?
True
Is 204484542 a multiple of 71?
False
Is 1629076818 a multiple of 466?
True
Is 79619540 a multiple of 65?
True
Is 143 a factor of 1850413810?
False
Is 102474601 a multiple of 55?
False
Is 1476183735 a multiple of 45?
True
Is 669665974 a multiple of 3622?
False
Is 726092514 a multiple of 9?
True
Is 255 a factor of 2014719555?
True
Is 343662200 a multiple of 100?
True
Does 4364 divide 1404688684?
True
Does 527 divide 236791437?
False
Is 160 a factor of 18363742?
False
Is 146157200 a multiple of 98?
True
Is 984 a factor of 924564432?
True
Is 3755835 a multiple of 129?
True
Is 388 a factor of 21003216?
True
Is 2588 a factor of 102629728?
True
Is 284887212 a multiple of 100?
False
Is 77 a factor of 52691562?
True
Does 928 divide 44700832?
True
Is 1680 a factor of 1971318720?
True
Is 321 a factor of 63486331?
False
Is 41 a factor of 157258083?
True
Is 16 a factor of 41829958?
False
Is 1319 a factor of 78478992?
False
Is 11438013 even?
False
Does 1935 divide 2054532690?
True
Is 22505682 a multiple of 174?
True
Is 10 a factor of 203874597?
False
Does 331 divide 172062737?
True
Does 433 divide 405197758?
False
Does 905 divide 17011285?
True
Is 10 a factor of 380638381?
False
Is 43 a factor of 124600240?
True
Is 165 a factor of 30163855?
False
Is 686 a factor of 44515022?
False
Is 855309 a multiple of 241?
True
Is 1054086615 a multiple of 4131?
True
Is 1182087451 a multiple of 109?
True
Is 634 a factor of 181951026?
True
Does 9 divide 2659318831?
False
Is 90956535 a multiple of 14?
False
Does 173 divide 238557160?
False
Does 5142 divide 4149067420?
False
Does 25 divide 888675249?
False
Does 2556 divide 213900627?
False
Does 60 divide 598135969?
False
Is 37 a factor of 9920403?
True
Does 1295 divide 269745910?
True
Is 19 a factor of 1195532456?
False
Does 83 divide 260087838?
False
Is 647 a factor of 98475341?
True
Is 37 a factor of 739371?
True
Does 10 divide 28157160?
True
Is 10 a factor of 1426281710?
True
Is 720216488 a multiple of 2362?
False
Is 37 a factor of 570962967?
False
Is 410 a factor of 72103444?
False
Is 562 a factor of 894906320?
True
Is 16 a factor of 159757552?
True
Does 13 divide 6215075942?
False
Does 3 divide 70916608?
False
Is 30753953 a multiple of 31?
True
Does 8 divide 27720772?
False
Does 1545 divide 275796405?
True
Does 27 divide 89672887?
False
Is 4 a factor of 279611288?
True
Does 810 divide 32180968?
False
Is 99657214 even?
True
Is 64961085 a multiple of 2415?
True
Does 635 divide 545820600?
True
Is 3 a factor of 10385703?
True
Is 127110453 a multiple of 49?
False
Is 190 a factor of 43223035?
False
Does 32 divide 5861115392?
True
Is 3142896448 a multiple of 428?
True
Does 34 divide 4472972?
True
Does 14 divide 24104164?
True
Does 261 divide 165648087?
True
Does 26 divide 129443028?
True
Is 1199 a factor of 88612645?
False
Does 4284 divide 249910800?
False
Is 70430085 a multiple of 541?
True
Is 478385807 a multiple of 5?
False
Is 77976866 a multiple of 22?
True
Is 1279620646 a multiple of 661?
True
Does 36 divide 36293862?
False
Does 161 divide 356573109?
False
Does 148 divide 3369960?
True
Is 42 a factor of 3471508?
False
Does 20 divide 11609640?
True
Is 65 a factor of 349134024?
False
Does 4 divide 1527260681?
False
Does 407 divide 77769153?
True
Is 96775031 a multiple of 3334?
False
Is 613885038 a multiple of 39?
True
Does 29 divide 1526755663?
True
Is 7381732 even?
True
Does 88 divide 2161352609?
False
Does 49 divide 7850510?
False
Does 168 divide 41392680?
True
Is 222 a factor of 66181435?
False
Is 52017081 a multiple of 182?
False
Is 41940197 a multiple of 606?
False
Does 32 divide 101747552?
True
Does 542 divide 229921820?
True
Is 252 a factor of 323943228?
True
Is 25 a factor of 40349825?
True
Is 359 a factor of 189542866?
False
Is 44 a factor of 6774094?
False
Does 92 divide 2068495026?
False
Does 2452 divide 614794864?
True
Does 31 divide 98965144?
True
Is 4444781463 a multiple of 32?
False
Is 245 a factor of 4742220?
True
Is 60720848 a multiple of 1744?
True
Does 7 divide 2378074118?
True
Is 149 a factor of 4686570?
False
Is 1663017213 a multiple of 33?
True
Is 144327040 a multiple of 190?
True
Is 1827 a factor of 119821968?
True
Is 1329583176 a multiple of 772?
True
Does 614 divide 39130834?
True
Is 1176866669 a multiple of 19?
True
Is 673824384 a multiple of 72?
True
Does 277 divide 950431043?
True
Is 33539427 a multiple of 703?
True
Does 21 divide 528116382?
False
Is 52716103 a multiple of 34?
False
Is 2719521398 a multiple of 671?
True
Does 16 divide 119599597?
False
Is 530 a factor of 8296741?
False
Is 9058872 a multiple of 276?
True
Is 519 a factor of 54064?
False
Does 35 divide 1685173280?
True
Does 119 divide 677019917?
True
Is 203 a factor of 46421431?
True
Does 232 divide 217382840?
True
Is 113221752 a multiple of 20?
False
Does 14 divide 278800483?
False
Does 672 divide 143231119?
False
Is 2243375 a multiple of 364?
False
Does 49 divide 169470714?
True
Is 7 a factor of 174950454?
True
Does 13 divide 50673545?
True
Is 97172257 a multiple of 13?
True
Does 143 divide 6792582?
False
Does 20 divide 2293052420?
True
Does 595 divide 99198800?
False
Is 1843176844 a multiple of 895?
False
Is 20 a factor of 8490940?
True
Is 419 a factor of 90088760?
False
Is 4 a factor of 1442530?
False
Is 2200 a factor of 358331600?
True
Is 167 a factor of 239722989?
True
Does 2348 divide 782306640?
True
Is 17 a factor of 54235541?
False
Is 55489755 a multiple of 479?
True
Does 223 divide 10701993?
True
Is 96345268 a multiple of 120?
False
Is 2282554743 a multiple of 1110?
False
Does 313 divide 13398156?
False
Is 50162 a multiple of 59?
False
Is 341586570 a multiple of 13143?
True
Does 2 divide 5992840?
True
Is 271584654 a multiple of 2516?
False
Is 120321121 a multiple of 42?
False
Is 15 a factor of 226682174?
False
Does 24 divide 66234984?
True
Is 117 a factor of 365144013?
True
Is 421 a factor of 37309441?
True
Is 233356671 a multiple of 12?
False
Is 456 a factor of 11343272?
False
Is 188 a factor of 450248272?
False
Is 86444221 a multiple of 2?
False
Is 532 a factor of 56643250?
False
Is 70 a factor of 137215400?
True
Does 383 divide 6614410?
True
Is 140847200 a multiple of 4640?
True
Is 3977432564 a multiple of 76?
True
Is 24 a factor of 5819928?
True
Is 428 a factor of 957516036?
True
Does 2 divide 18786504?
True
Is 11470080 a multiple of 87?
True
Is 29 a factor of 37798832?
True
Is 89 a factor of 678442232?
False
Does 71 divide 400520846?
False
Is 40824081 a multiple of 2?
False
Is 26 a factor of 769837?
False
Is 960849468 a multiple of 2539?
False
Is 2012 a factor of 84371595?
False
Is 302 a factor of 301247404?
False
Does 1251 divide 33366672?
True
Is 1958 a factor of 383130665?
False
Is 17 a factor of 1699724442?
False
Does 31 divide 161079675?
False
Does 3 divide 167913920?
False
Is 42338791 a multiple of 11?
True
Does 29 divide 304370844?
False
Is 215252785 a multiple of 254?
False
Does 858 divide 33948536?
False
Does 9535 divide 132581538?
False
Does 261 divide 161305830?
True
Does 1197 divide 13697271?
True
Is 4430 a factor of 1538096000?
True
Does 47 divide 32732129?
False
Does 2312 divide 2425211704?
True
Is 7488565 a multiple of 133?
True
Is 53960613 a multiple of 38?
False
Is 6 a factor of 2592532?
False
Is 1519651423 a multiple of 23?
True
Is 24 a factor of 70982617?
False
Does 173 divide 46596858?
True
Is 3729 a factor of 376871385?
True
Does 6 divide 1368567?
False
Is 8376973 a multiple of 13?
False
Does 4408 divide 1053692728?
True
Does 61 divide 3366752?
False
Does 12 divide 213506094?
False
Is 146665155 a multiple of 7?
True
Does 215 divide 7337729?
False
Does 1126 divide 9308642?
True
Is 2664389720 a multiple of 1657?
True
Is 14 a factor of 133650258?
True
Is 73518950 a multiple of 966?
False
Is 4516 a factor of 752433340?
True
Is 755507898 a multiple of 106?
True
Is 3407 a factor of 284573082?
True
Does 24 divide 5212964?
False
Is 63 a factor of 153637939?
False
Is 1299920 a multiple of 16?
True
Does 1405 divide 39012344?
False
Is 2287 a factor of 24603123?
False
Does 2962 divide 84158961?
False
Is 112416605 a multiple of 83?
False
Is 99742944 a multiple of 1904?
True
Is 61148277 a multiple of 28?
False
Does 54